{"id":43,"date":"2021-09-06T21:31:39","date_gmt":"2021-09-06T19:31:39","guid":{"rendered":"https:\/\/etudedravez.fr\/?page_id=43"},"modified":"2021-10-16T23:28:50","modified_gmt":"2021-10-16T21:28:50","slug":"presentation","status":"publish","type":"page","link":"https:\/\/etudedravez.fr\/","title":{"rendered":"Pr\u00e9sentation"},"content":{"rendered":"\n<p>Notre \u00e9tude, situ\u00e9e \u00e0 Thiers, capitale de la coutellerie, en Auvergne-Rh\u00f4ne-Alpes vous aide \u00e0 d\u00e9nouer vos impasses en mati\u00e8re successorale et fonci\u00e8re.<br>Au-del\u00e0 du service propos\u00e9, l&rsquo;\u00e9tude s&rsquo;attache \u00e0 \u00e9claircir la compr\u00e9hension de la g\u00e9n\u00e9alogie, souvent opaque pour beaucoup.<\/p>\n\n\n\n<p><\/p>\n\n\n\n<p><\/p>\n","protected":false},"excerpt":{"rendered":"<p>Notre \u00e9tude, situ\u00e9e \u00e0 Thiers, capitale de la coutellerie, en Auvergne-Rh\u00f4ne-Alpes vous aide \u00e0 d\u00e9nouer vos impasses en mati\u00e8re successorale et fonci\u00e8re.Au-del\u00e0 du service propos\u00e9, l&rsquo;\u00e9tude s&rsquo;attache \u00e0 \u00e9claircir la compr\u00e9hension de la g\u00e9n\u00e9alogie, souvent opaque pour beaucoup.<\/p>\n","protected":false},"author":1,"featured_media":0,"parent":0,"menu_order":0,"comment_status":"closed","ping_status":"closed","template":"","meta":{"footnotes":""},"class_list":["post-43","page","type-page","status-publish","hentry"],"_links":{"self":[{"href":"https:\/\/etudedravez.fr\/index.php?rest_route=\/wp\/v2\/pages\/43","targetHints":{"allow":["GET"]}}],"collection":[{"href":"https:\/\/etudedravez.fr\/index.php?rest_route=\/wp\/v2\/pages"}],"about":[{"href":"https:\/\/etudedravez.fr\/index.php?rest_route=\/wp\/v2\/types\/page"}],"author":[{"embeddable":true,"href":"https:\/\/etudedravez.fr\/index.php?rest_route=\/wp\/v2\/users\/1"}],"replies":[{"embeddable":true,"href":"https:\/\/etudedravez.fr\/index.php?rest_route=%2Fwp%2Fv2%2Fcomments&post=43"}],"version-history":[{"count":4,"href":"https:\/\/etudedravez.fr\/index.php?rest_route=\/wp\/v2\/pages\/43\/revisions"}],"predecessor-version":[{"id":193,"href":"https:\/\/etudedravez.fr\/index.php?rest_route=\/wp\/v2\/pages\/43\/revisions\/193"}],"wp:attachment":[{"href":"https:\/\/etudedravez.fr\/index.php?rest_route=%2Fwp%2Fv2%2Fmedia&parent=43"}],"curies":[{"name":"wp","href":"https:\/\/api.w.org\/{rel}","templated":true}]}}